 d.
14
Let x = 43 - 1. What is the greatest common divisor of 6 and x?
6
Let m be 329912/220 - (-3)/15*2. What is the greatest common divisor of m and 60?
60
Let p be (-214)/(-6) - 3/(-9). Let m be -5*(-10)/25 + 1*2. Suppose 5*f = -4*l + 45, m*f - 6*f = -l - 18. Calculate the greatest common factor of p and f.
9
Suppose -4*u + u + x = 1, -2*x = 3*u - 11. Suppose u = -n + 4. Suppose -b - n*m + 14 = 0, -2*m = 2*b + 3*b - 44. What is the highest common factor of b and 20?
4
Suppose -8 = -4*n + 2*n. Let m(w) = 7*w**2 + 86*w + 52. Let y be m(-12). What is the highest common factor of n and y?
4
Let l be (-4658)/(-14) - 8/(-28). Suppose 4*o - l + 81 = 0. Let a(r) = -r**3 + 4*r**2 - 2*r + 4. Let c be a(3). Calculate the highest common divisor of c and o.
7
Let i be (-24)/(-36) + (-668)/(-6). Let z be (-2)/(-5) - (i/(-20) - -2). Let a be (15/(-2))/((-3)/4). What is the highest common divisor of a and z?
2
Let b be 20/7*(-7)/(-2). Calculate the highest common divisor of 190 and b.
10
Let q(r) = r + 6. Let x be q(-2). Let s(l) = 18*l. Let y be s(x). Let a be 1/((2/16)/1). Calculate the greatest common divisor of a and y.
8
Let x = -73 + 169. Suppose 4*w - 59 = -5*g, -2*w + 33 + 3 = -4*g. What is the greatest common divisor of w and x?
16
Let f be ((-2)/(-2))/(2/(-12)). Let c = f - -26. Let p = -8 + c. What is the highest common divisor of 132 and p?
12
Let j = 50 - 43. Let f(i) = 20*i - 3. Let m be f(4). What is the highest common factor of j and m?
7
Suppose 0 = 3*v + 32 - 89. Suppose -6*i = v - 85. What is the highest common divisor of 99 and i?
11
Suppose 0 = -4*v + 385 - 265. Calculate the highest common divisor of 255 and v.
15
Let y = 2826 + -2804. Let i be (-15)/(-6) - 2/4. What is the highest common divisor of y and i?
2
Let l = -5 + 8. Suppose l*d - 14 - 1 = 0. What is the highest common divisor of 10 and d?
5
Let l(o) = 5*o + 28. Let v be l(-13). Let i = v + 67. Calculate the greatest common factor of i and 90.
30
Let v(d) be the second derivative of -7*d**3/6 + 4*d. Let p be v(-5). Let g be p + 9/(-3) + 0. What is the greatest common divisor of 64 and g?
32
Let o = -318 + 413. What is the greatest common divisor of o and 5?
5
Let g be (4*1)/(6 + 138/(-24)). Let h be (g + 1 + 1)*(6 + -5). Suppose 4*s - 35 = -7*d + 4*d, 19 = 3*d - 4*s. Calculate the highest common factor of h and d.
9
Let r be 178/5 + 9/(-15). Let x be 699/10 - 36/(-360). What is the highest common factor of r and x?
35
Suppose 3*d + 5*u - 34 = -2, -d + 5*u - 16 = 0. Suppose -j + 68 = 3*x, -d*x + x + 5*j + 92 = 0. Calculate the greatest common divisor of 16 and x.
8
Let b = 13 - -3. Suppose 2*m - 7*m - 280 = 0. Let o = 56 - m. Calculate the highest common factor of o and b.
16
Let t = -489 + 642. What is the greatest common factor of t and 119?
17
Suppose 0*r - 64 = 2*r. Let q = r - -76. Suppose -4*n - 92 = -5*d, 3*d - 5*d - 2*n = -q. What is the greatest common divisor of 100 and d?
20
Let g(r) = -r**3 - 5*r**2 + 5*r + 1. Let x be g(-7). Let o = x + 8. Calculate the greatest common divisor of 8 and o.
8
Let s be ((-207)/(-92))/(6/16). Let v(j) = -5 + 8*j**2 + 7*j**2 + s. Let o be v(1). Calculate the highest common factor of 112 and o.
16
Suppose -j + 3*w + 25 = 5*w, -j = -3*w. Let d = -6 + 25. Suppose -d = -5*x + 6. What is the greatest common factor of x and j?
5
Suppose 0 = -3*k + 2*p + 178, 62 = -4*k - 5*p + 261. Suppose 4*r + 16 = -20. Let z be k + r/((-9)/(-4)). What is the greatest common divisor of z and 13?
13
Suppose 2*r = -5*v - r + 353, 0 = 5*v + 5*r - 355. Calculate the highest common factor of 10 and v.
10
Let y be (-17)/2*2/(-1). Suppose 2*b = 5*b + 4*s - 165, -3*b + 150 = -s. What is the greatest common divisor of y and b?
17
Let s(o) = 7*o**2 + 2*o - 1. Let n = 53 - 52. Let m be s(n). Calculate the greatest common divisor of 4 and m.
4
Suppose -2*j - 224 = 2*j - 4*i, 3*j + 178 = 5*i. Let x be 1/4 + 8/((-32)/j). What is the highest common factor of 13 and x?
13
Suppose -1485 = -72*y + 67*y. Let m = y + -212. What is the highest common divisor of 17 and m?
17
Suppose 3*b - 8 = -2. Let c be (3/(-6))/(b/24). Let m be (-1)/c + (-22)/(-12). What is the highest common divisor of m and 3?
1
Let p be 1/(-2)*2 + -17. Let t = p + 24. Suppose 0 = -t*u + u + 115. What is the greatest common factor of u and 69?
23
Let p be (2/(-4))/(4/(-456)). Suppose 149 = -q + 5*q + r, -5*r - 15 = 0. What is the greatest common factor of p and q?
19
Let l be (172/8 - 9)*28/5. Let b = 12 + -2. What is the greatest common divisor of l and b?
10
Suppose 290 = 4*t + 2*w, 0 = -4*t + 4*w + 131 + 153. What is the highest common divisor of t and 198?
18
Suppose -49*h + 7719 = -5315. What is the greatest common divisor of 14 and h?
14
Suppose -4*n = 9*n - 702. Calculate the highest common factor of n and 6.
6
Let n(g) = -4*g + 61. Let k be n(12). What is the greatest common divisor of k and 104?
13
Let g = -2 - -16. Let k = -81 + 134. Suppose -4*m + 40 + 73 = d, 3*d + k = 2*m. What is the greatest common factor of g and m?
14
Suppose -70 = 67*o - 74*o. What is the greatest common divisor of 10 and o?
10
Suppose -3*j = -t - 27 + 1, -25 = -3*j + 2*t. Suppose 4*k + j = 7*k. Suppose k = -2*i + 9. Calculate the highest common factor of 33 and i.
3
Let v(y) = 9*y + 15. Let o be v(7). Suppose -3*j = -5*q + 8*q - 363, -j + q + 113 = 0. What is the highest common factor of j and o?
39
Let o be (-924)/(-36)*(-6)/(-7). What is the greatest common factor of 22 and o?
22
Let s(q) = 117*q**3 - 2*q**2 + q. Let b be s(1). Suppose p + 2*p - 2*v - b = 0, 0 = v + 4. What is the highest common factor of p and 396?
36
Let c = -151 + 208. Calculate the highest common factor of c and 323.
19
Let y be (-40)/2*(-44 + 43). What is the highest common factor of y and 20?
20
Let y be ((-38)/8)/((-2)/8). Let s = 29 - y. Let w be (80/42)/20 - (-838)/21. Calculate the highest common factor of w and s.
10
Suppose -k = -34 + 166. Let j = k - -224. What is the highest common divisor of 23 and j?
23
Let p = -1168 + 1224. What is the highest common divisor of p and 376?
8
Let u(i) = 9*i**2 + 3*i - 11. Let h be u(-6). Suppose -h = 63*w - 64*w. Calculate the highest common divisor of w and 118.
59
Suppose m = g + 101, 1 = -g - 2. What is the greatest common factor of 56 and m?
14
Let g = 209 - 168. Calculate the greatest common factor of 451 and g.
41
Suppose 0*j - 2*j + 8 = 0. Suppose 2*v - 7*v = -5, -4*v = 5*b - 14. Calculate the greatest common divisor of j and b.
2
Let i(c) = -118*c - 904. Let o be i(-8). Calculate the greatest common factor of o and 250.
10
Suppose 5*m - 280 = 5*x, 0 = -22*m + 17*m - 4*x + 262. What is the highest common factor of 189 and m?
27
Let c = 519 - 488. Let z = 109 + 170. Calculate the greatest common divisor of z and c.
31
Suppose h + 8*o - 146 = 4*o, 5*h - 5*o = 830. What is the highest common factor of h and 36?
18
Let o be (-1200)/20*1/(-2). Calculate the highest common factor of o and 40.
10
Let d be (-2 + (-5)/(-2))/(2/192). Suppose 3*c = c + d. Calculate the greatest common divisor of 264 and c.
24
Let n = 436 + -414. Calculate the greatest common factor of n and 550.
22
Let o be (16/(-10))/(-3 + 1432/480). What is the greatest common divisor of 648 and o?
24
Let n be 18/10*270/567*21. What is the highest common factor of n and 387?
9
Suppose -174 = -6*b + 108. Calculate the greatest common factor of b and 47.
47
Let a(f) be the third derivative of -11/24*f**4 + 0 + f**3 + 0*f + 2*f**2. Let s be a(-6). What is the highest common divisor of s and 8?
8
Suppose -f - 4*s = -14, 2*s + 36 = 4*f - 2*s. Suppose -5*v + 42 = z - 0*z, v - 10 = -z. Let c = v + -3. What is the greatest common factor of c and f?
5
Suppose 15 = -n + 4*n. Suppose -3*b + 1 = -n. Suppose k + 4*f - 10 = 0, b*k + 2*f = 4*k - 20. Calculate the highest common factor of 10 and k.
10
Let p(a) = a**2 - 2*a + 6. Let g be (6 + -2 + -4)/(-3). Let m = 5 + g. Let x be p(m). Calculate the greatest common factor of x and 168.
21
Suppose -18*q = -63 - 225. What is the highest common factor of q and 12?
4
Let f = -142 + 88. Let i = 84 + f. What is the greatest common divisor of i and 45?
15
Suppose 4*i = -4*j + 68, -11 = -j - 5*i + 22. Let d be ((-69)/483)/(3/(-2457)). What is the highest common factor of d and j?
13
Let y = 114 + -72. Calcula